{"id":18,"date":"2024-04-04T13:46:28","date_gmt":"2024-04-04T11:46:28","guid":{"rendered":"http:\/\/test.balanced-energy.de\/?page_id=18"},"modified":"2025-11-20T10:49:15","modified_gmt":"2025-11-20T09:49:15","slug":"ueber-mich","status":"publish","type":"page","link":"https:\/\/privatpraxis-ck.de\/home\/ueber-mich\/","title":{"rendered":"\u00dcber mich"},"content":{"rendered":"\n<h1 class=\"wp-block-heading alignwide\">Hallo, mein Name ist Christina Kabrhel,<br><\/h1>\n\n\n\n<div class=\"wp-block-group alignfull has-global-padding is-layout-constrained wp-block-group-is-layout-constrained\">\n<div class=\"wp-block-columns alignwide is-layout-flex wp-container-core-columns-is-layout-28f84493 wp-block-columns-is-layout-flex\">\n<div class=\"wp-block-column is-layout-flow wp-block-column-is-layout-flow\">\n<p>ich bin verheiratet und Mutter von zwei S\u00f6hnen. Ich liebe dunkle Schokolade, Urlaub am Meer und interessante Fachb\u00fccher rund um das Thema Gesundheit und Wohlbefinden.<\/p>\n\n\n\n<p>Seit langem besch\u00e4ftige ich mich intensiv mit Gesundheitsthemen. Die direkte Arbeit mit Menschen ist genau das, was mir am meisten Spa\u00df macht. Und so bin ich vor einigen Jahren beruflich nochmal neu durchgestartet und gebe seitdem mein Wissen weiter.<\/p>\n<\/div>\n<\/div>\n\n\n\n<div class=\"wp-block-columns alignwide is-layout-flex wp-container-core-columns-is-layout-28f84493 wp-block-columns-is-layout-flex\">\n<div class=\"wp-block-column is-layout-flow wp-block-column-is-layout-flow\" style=\"flex-basis:66.66%\">\n<p><\/p>\n<\/div>\n\n\n\n<div class=\"wp-block-column is-layout-flow wp-block-column-is-layout-flow\" style=\"flex-basis:33.33%\"><\/div>\n<\/div>\n\n\n\n<div class=\"wp-block-columns alignwide is-layout-flex wp-container-core-columns-is-layout-28f84493 wp-block-columns-is-layout-flex\">\n<div class=\"wp-block-column is-layout-flow wp-block-column-is-layout-flow\" style=\"flex-basis:33.33%\">\n<figure class=\"wp-block-image size-full is-resized\"><img loading=\"lazy\" decoding=\"async\" width=\"1126\" height=\"2000\" src=\"https:\/\/privatpraxis-ck.de\/wp-content\/uploads\/2025\/11\/IMG-20251021-WA0003.jpg\" alt=\"\" class=\"wp-image-1181\" style=\"object-fit:cover;width:402px;height:auto\"\/><\/figure>\n<\/div>\n\n\n\n<div class=\"wp-block-column is-layout-flow wp-block-column-is-layout-flow\" style=\"flex-basis:66.66%\">\n<p>Der Body Code<sup>\u24c7<\/sup><br><br>Seit 2017 arbeite ich mit der Bodycode<sup>\u24c7<\/sup> Methode von Dr. Bradley Nelson, bei der mit Hilfe des kinesiologischen Muskeltests das Unterbewusstsein abgefragt und (energetische) Ungleichgewichte ausgeglichen werden k\u00f6nnen.<\/p>\n\n\n\n<p>TouchLife<sup>\u24c7<\/sup> Massage<\/p>\n\n\n\n<p>Im M\u00e4rz 2024 habe ich meine einj\u00e4hrige Grundausbildung in TouchLife<sup>\u24c7<\/sup> Massage (ca. 600 Stunden) abgeschlossen und biete nun diese wundervoll ganzheitliche Massage an, basierend auf den 5 Pfeilern Massagetechniken, Energieausgleich, Gespr\u00e4ch, Einbeziehung des Atems und Achtsamkeit beim Massieren und Empfangen.<\/p>\n<\/div>\n<\/div>\n\n\n\n<div class=\"wp-block-columns alignwide is-layout-flex wp-container-core-columns-is-layout-28f84493 wp-block-columns-is-layout-flex\">\n<div class=\"wp-block-column is-layout-flow wp-block-column-is-layout-flow\" style=\"flex-basis:66.66%\">\n<p>In einer immer mehr digitalisierten Welt fehlt vielen die menschliche Ber\u00fchrung, die so wichtig f\u00fcr unsere physische und psychische Gesundheit ist. Wir sind zu oft nicht mehr bei uns, viele sp\u00fcren sich nicht mehr. Daraus resultieren gerade auch unter Jugendlichen schon psychische St\u00f6rungen.<\/p>\n\n\n\n<p>Burnout-Pr\u00e4vention<\/p>\n\n\n\n<p>Eine Herzensangelegenheit ist es f\u00fcr mich andere vor einem Burnout zu bewahren. War ich doch selbst vor einigen Jahren davon betroffen und kann dadurch wertvolle Tipps geben, um dies am besten zu verhindern oder aus dieser Spirale wieder rauszukommen.<\/p>\n\n\n\n<p>Und so verstehe ich meine Praxisarbeit nicht &#8222;nur&#8220; als reine Massagearbeit, sondern dar\u00fcber hinaus als ganzheitliches Coaching, bei dem in Vor- und Nachgespr\u00e4ch Themen wie Selbstf\u00fcrsorge, Ern\u00e4hrung, Sport, gesunde Beziehungen etc. besprochen und auf Wunsch auch energetisch (w\u00e4hrend der Nachruhe bei der Deep Dive Session) angeschaut werden k\u00f6nnen.<\/p>\n<\/div>\n\n\n\n<div class=\"wp-block-column is-layout-flow wp-block-column-is-layout-flow\" style=\"flex-basis:33.33%\">\n<figure class=\"wp-block-image size-full\"><img loading=\"lazy\" decoding=\"async\" width=\"2560\" height=\"1798\" src=\"https:\/\/privatpraxis-ck.de\/wp-content\/uploads\/2025\/11\/3-Kopie-scaled.png\" alt=\"\" class=\"wp-image-1165\"\/><\/figure>\n<\/div>\n<\/div>\n<\/div>\n\n\n\n<div class=\"wp-block-group alignwide is-layout-flow wp-block-group-is-layout-flow\">\n<p>TouchLife<sup>\u24c7<\/sup> &#8211; mobil<\/p>\n\n\n\n<p>Die Kurzfassung der TouchLife<sup>\u24c7<\/sup> Massage biete ich in Form von TouchLife<sup>\u24c7<\/sup> &#8211; mobil, Massage am Arbeitsplatz an. W\u00e4hrend einer ca. 20-25 min\u00fctigen Massage bekleidet auf meinem bequemen Massagestuhl k\u00f6nnen Mitarbeiter eine kurze, aber intensive erholsame Auszeit genie\u00dfen. Sollten Sie Interesse hieran haben, kontaktieren Sie mich gerne!<\/p>\n\n\n\n<p>Ich freue mich auf Sie!<\/p>\n<\/div>\n\n\n\n<div class=\"wp-block-columns alignwide is-layout-flex wp-container-core-columns-is-layout-28f84493 wp-block-columns-is-layout-flex\">\n<div class=\"wp-block-column is-layout-flow wp-block-column-is-layout-flow\" style=\"flex-basis:33.33%\"><\/div>\n\n\n\n<div class=\"wp-block-column is-layout-flow wp-block-column-is-layout-flow\" style=\"flex-basis:66.66%\">\n<h2 class=\"wp-block-heading\"><br><strong>Meine Aus- und Weiterbildungen<\/strong><\/h2>\n\n\n\n<p><strong>2006 <\/strong><br>Abschluss als Diplom &#8211; Wirtschaftsanglistin (Englisch\/Franz\u00f6sisch\/BWL) an der Justus-Liebig-Universit\u00e4t Gie\u00dfen<\/p>\n\n\n\n<p><strong>ab 2007<\/strong><\/p>\n\n\n\n<p>Familienzeit &#8211; Geburt meiner beiden S\u00f6hne 2007 und 2009<br><br><strong>2011 &#8211; 2015<\/strong><br>Projekte Netzwerk Alleinerziehende und Hilfen f\u00fcr Gefl\u00fcchtete bei der AWO Odenwald<br><br><strong>2015 &#8211; 2016<\/strong><br>Auslandsjahr in Ontario\/Kanada<\/p>\n\n\n\n<p><strong>2017<\/strong><br>Ausbildung als Certified Emotion Code<sup>\u24c7<\/sup> Practitioner<br>Ausbildung als Certified Body Code<sup>\u24c7<\/sup> Practitioner<br><br><strong>2018<\/strong><br>Er\u00f6ffnung meiner Privatpraxis<\/p>\n\n\n\n<p><strong>2023 &#8211; 2024<\/strong><br>Grundausbildung in TouchLife<sup>\u24c7<\/sup> Massage (ca. 600 Stunden) nach Leder und von Kalckreuth am BoMind Institut Henkel\/M\u00fchltal<\/p>\n\n\n\n<p><strong>2024<\/strong><br>Fortbildung Neurobiologische Regulation nach Henkel (NBR)<sup>\u24c7<\/sup> &#8211; Craniosacrale Ausgleichsmassage der Dura mater und des Liquor cerebrospinalis<br><br>Ausbildung als Certified Belief Code<sup>\u24c7<\/sup> Practitioner<br><br>Fortbildung TouchLife<sup>\u24c7<\/sup> mobil (ca. 60 Stunden) &#8211; mobile Massage am Arbeitsplatz<\/p>\n\n\n\n<p><\/p>\n<\/div>\n<\/div>\n","protected":false},"excerpt":{"rendered":"<p>Hallo, mein Name ist Christina Kabrhel, ich bin verheiratet und Mutter von zwei S\u00f6hnen. Ich liebe dunkle Schokolade, Urlaub am Meer und interessante Fachb\u00fccher rund um das Thema Gesundheit und Wohlbefinden. Seit langem besch\u00e4ftige ich mich intensiv mit Gesundheitsthemen. Die direkte Arbeit mit Menschen ist genau das, was mir am meisten Spa\u00df macht. Und so [&hellip;]<\/p>\n","protected":false},"author":1,"featured_media":0,"parent":0,"menu_order":0,"comment_status":"closed","ping_status":"closed","template":"","meta":{"footnotes":""},"class_list":["post-18","page","type-page","status-publish","hentry"],"rttpg_featured_image_url":null,"rttpg_author":{"display_name":"chkabrhel","author_link":"https:\/\/privatpraxis-ck.de\/home\/author\/chkabrhel\/"},"rttpg_comment":0,"rttpg_category":null,"rttpg_excerpt":"Hallo, mein Name ist Christina Kabrhel, ich bin verheiratet und Mutter von zwei S\u00f6hnen. Ich liebe dunkle Schokolade, Urlaub am Meer und interessante Fachb\u00fccher rund um das Thema Gesundheit und Wohlbefinden. Seit langem besch\u00e4ftige ich mich intensiv mit Gesundheitsthemen. Die direkte Arbeit mit Menschen ist genau das, was mir am meisten Spa\u00df macht. Und so&hellip;","_links":{"self":[{"href":"https:\/\/privatpraxis-ck.de\/home\/wp-json\/wp\/v2\/pages\/18","targetHints":{"allow":["GET"]}}],"collection":[{"href":"https:\/\/privatpraxis-ck.de\/home\/wp-json\/wp\/v2\/pages"}],"about":[{"href":"https:\/\/privatpraxis-ck.de\/home\/wp-json\/wp\/v2\/types\/page"}],"author":[{"embeddable":true,"href":"https:\/\/privatpraxis-ck.de\/home\/wp-json\/wp\/v2\/users\/1"}],"replies":[{"embeddable":true,"href":"https:\/\/privatpraxis-ck.de\/home\/wp-json\/wp\/v2\/comments?post=18"}],"version-history":[{"count":10,"href":"https:\/\/privatpraxis-ck.de\/home\/wp-json\/wp\/v2\/pages\/18\/revisions"}],"predecessor-version":[{"id":1185,"href":"https:\/\/privatpraxis-ck.de\/home\/wp-json\/wp\/v2\/pages\/18\/revisions\/1185"}],"wp:attachment":[{"href":"https:\/\/privatpraxis-ck.de\/home\/wp-json\/wp\/v2\/media?parent=18"}],"curies":[{"name":"wp","href":"https:\/\/api.w.org\/{rel}","templated":true}]}}